nws-alerts: Checking more than four warning/county codes can delay the loading of your pages. You should use a cron job to get the data.

NOAA-Style Climate Reports


Report for 2024 June

Daily NOAA report



                            MONTHLY CLIMATOLOGICAL SUMMARY for JUN. 2024

NAME: Brandermill   CITY: Midlothian STATE: VA
ELEV: 250 LAT: 037:25:33 LONG: 0077:38:35

                            TEMPERATURE ( °F), RAIN (in.), WIND SPEED (mph)

                                               HEAT     COOL           AVG
      MEAN                                     DEG      DEG            WIND                       DOM
DAY   TEMP    HIGH   TIME     LOW    TIME      DAYS     DAYS    RAIN   SPEED    HIGH    TIME      DIR
--------------------------------------------------------------------------------------------------------
01    67.7   081.1   14:24    53.1   06:42     00.0     02.8   00.00   00.0     03.5    17:15     WSW
02    71.3   078.9   14:41    62.8   06:52     00.0     06.3   00.00   00.2     11.5    15:04      W 
03    73.5   084.2   14:41    67.4   07:55     00.0     08.5   00.44   00.0     13.8    17:02     WSW
04    75.8   087.5   14:48    65.9   07:04     00.0     10.8   00.00   00.0     01.1    18:44     WNW
05    74.8   081.7   17:24    69.6   06:58     00.0     09.9   00.03   00.0     03.5    16:39      N 
06    74.9   082.2   15:37    71.7   00:00     00.0     10.0   00.37   00.2     06.9    11:38     WSW
07    75.9   086.3   13:58    67.2   07:09     00.0     10.9   00.00   00.1     06.9    12:31      SW
08    73.4   085.4   14:02    60.3   06:41     00.0     08.4   00.00   00.0     11.5    13:32     WSW
09    76.8   087.0   13:34    68.6   07:11     00.0     11.8   00.00   00.2     11.5    15:12     WSW
10    73.8   084.3   14:13    63.1   07:35     00.0     08.8   00.00   00.1     08.1    23:48     SSW
11    70.6   078.4   13:52    60.3   06:57     00.0     05.7   00.00   00.2     11.5    10:03      S 
12    71.4   081.0   15:08    61.4   05:28     00.0     06.4   00.00   00.0     04.6    10:59     SSW
13    76.3   086.3   13:11    65.2   06:57     00.0     11.4   00.00   00.0     00.0    00:00      SW
14    78.6   090.1   14:45    68.5   07:26     00.0     13.6   00.00   00.0     04.6    23:56      W 
15    77.5   089.0   13:59    68.2   07:15     00.0     12.6   00.00   00.3     13.8    12:43     SSE
16    74.9   087.1   14:30    63.0   06:49     00.0     10.0   00.00   00.0     03.5    14:27      S 
17    77.3   087.9   14:23    66.2   05:38     00.0     12.3   00.00   00.0     06.9    12:54      W 
18    79.2   091.7   13:42    69.4   07:30     00.0     14.2   00.00   00.0     04.6    15:37      W 
19    77.8   089.4   13:57    66.7   06:44     00.0     12.9   00.00   00.0     03.5    11:32      SW
20    77.9   090.1   14:20    67.0   06:54     00.0     12.9   00.00   00.0     04.6    13:32     SSW
--------------------------------------------------------------------------------------------------------
75.0 (75.4)   91.7  day 18     53.1  day 01   000.0    200.4   00.84   00.1     13.8   day 15      SW
Max >  90: 3
Max Rain: 0.44 ON 3-06-24
Days of Rain: 3 (> .008in) 2 (> .08in) 0 (> 0.8in)